{"id":181,"date":"2016-03-16T16:19:37","date_gmt":"2016-03-16T15:19:37","guid":{"rendered":"http:\/\/www.aufkleber-druck-profi.de\/?page_id=181"},"modified":"2018-02-05T10:47:02","modified_gmt":"2018-02-05T09:47:02","slug":"sonderfarben-und-lack","status":"publish","type":"page","link":"http:\/\/mappen-profi.de\/?page_id=181","title":{"rendered":"Sonderfarben &#038; Lack"},"content":{"rendered":"<p>Als Sonderfarben bezeichnet man Farben, die nicht im CMYK-Farbraum liegen und somit extra angefertig werden m\u00fcssen, da sie nicht durch Mischen der Grundfarben erhalten kann.<\/p>\n<p>Zu diesen Farben z\u00e4hlen unter anderem Bronze, Silber, Gold, Ultracyan und Ultramagenta.<\/p>\n<p>Die Verwendung von Sonderfarben muss vorher abgekl\u00e4rt werden, da der Druckvorgang entsprechend angepasst werden muss und ein extra Farbwerk hinzugef\u00fcgt werden muss.<\/p>\n<p>&nbsp;<\/p>\n<p>Mit Lacken ist es eigentlich genau so wie mit Sonderfarben.<\/p>\n<p>Es muss ein extra Farbwerk an die Druckmaschine angebaut werden, damit der Lack im Druckvorgang auf das Druckobjekt aufgebracht werden kann.<\/p>\n<p>Lacke sorgen f\u00fcr zus\u00e4tzlichen Schutz des Druckobjekts und verleihen Glanz und f\u00fchlen sich gut an, wenn man mit dem Finger dr\u00fcber streicht.<\/p>\n","protected":false},"excerpt":{"rendered":"<p>Als Sonderfarben bezeichnet man Farben, die nicht im CMYK-Farbraum liegen und somit extra angefertig werden m\u00fcssen, da sie nicht durch<\/p>\n","protected":false},"author":1,"featured_media":0,"parent":0,"menu_order":0,"comment_status":"closed","ping_status":"closed","template":"","meta":[],"_links":{"self":[{"href":"http:\/\/mappen-profi.de\/index.php?rest_route=\/wp\/v2\/pages\/181"}],"collection":[{"href":"http:\/\/mappen-profi.de\/index.php?rest_route=\/wp\/v2\/pages"}],"about":[{"href":"http:\/\/mappen-profi.de\/index.php?rest_route=\/wp\/v2\/types\/page"}],"author":[{"embeddable":true,"href":"http:\/\/mappen-profi.de\/index.php?rest_route=\/wp\/v2\/users\/1"}],"replies":[{"embeddable":true,"href":"http:\/\/mappen-profi.de\/index.php?rest_route=%2Fwp%2Fv2%2Fcomments&post=181"}],"version-history":[{"count":4,"href":"http:\/\/mappen-profi.de\/index.php?rest_route=\/wp\/v2\/pages\/181\/revisions"}],"predecessor-version":[{"id":329,"href":"http:\/\/mappen-profi.de\/index.php?rest_route=\/wp\/v2\/pages\/181\/revisions\/329"}],"wp:attachment":[{"href":"http:\/\/mappen-profi.de\/index.php?rest_route=%2Fwp%2Fv2%2Fmedia&parent=181"}],"curies":[{"name":"wp","href":"https:\/\/api.w.org\/{rel}","templated":true}]}}

<p>Als Sonderfarben bezeichnet man Farben, die nicht im CMYK-Farbraum liegen und somit extra angefertig werden müssen, da sie nicht durch Mischen der Grundfarben erhalten kann.</p>
<p>Zu diesen Farben zählen unter anderem Bronze, Silber, Gold, Ultracyan und Ultramagenta.</p>
<p>Die Verwendung von Sonderfarben muss vorher abgeklärt werden, da der Druckvorgang entsprechend angepasst werden muss und ein extra Farbwerk hinzugefügt werden muss.</p>
<p>&nbsp;</p>
<p>Mit Lacken ist es eigentlich genau so wie mit Sonderfarben.</p>
<p>Es muss ein extra Farbwerk an die Druckmaschine angebaut werden, damit der Lack im Druckvorgang auf das Druckobjekt aufgebracht werden kann.</p>
<p>Lacke sorgen für zusätzlichen Schutz des Druckobjekts und verleihen Glanz und fühlen sich gut an, wenn man mit dem Finger drüber streicht.</p>

<p>Als Sonderfarben bezeichnet man Farben, die nicht im CMYK-Farbraum liegen und somit extra angefertig werden müssen, da sie nicht durch</p>
