{"id":171,"date":"2016-03-16T16:18:22","date_gmt":"2016-03-16T15:18:22","guid":{"rendered":"http:\/\/www.aufkleber-druck-profi.de\/?page_id=171"},"modified":"2018-02-01T09:26:25","modified_gmt":"2018-02-01T08:26:25","slug":"klappmappen","status":"publish","type":"page","link":"http:\/\/mappen-profi.de\/?page_id=171","title":{"rendered":"Klappmappen"},"content":{"rendered":"<p>Klappmappen sind im Grunde Taschen- und Abheftmappen kombiniert.<\/p>\n<p>Man kann seine Unterlagen einfach reinlegen oder, falls ein Hefter vorhanden ist, die Unterlagen auch abheften.<\/p>\n<p>Statt Taschen hat diese Mappenart allerdings Klappen, unter die man das Papier legt, damit das Papier nicht rausf\u00e4llt, soltle es nicht abgeheftet sein.<\/p>\n<p>Der Unterschied zwischen Taschen und Klappen ist, dass Klappen an den Seiten offen sind und nur auf dem Papier liegen w\u00e4hrend Taschen wie richtige Taschen sind, in die man das Papier reinsteckt.<\/p>\n<p>Die Klappmappen gibt es mit verschiedenen Gr\u00f6\u00dfen, Positionen und Layouts der Klappen, wodurch man f\u00fcr jeden Gebrauch die richtige Klappmappe finden kann.<\/p>\n<p>Ansonsten kann man auch diese Mappen mit s\u00e4mmtlichen Extras ausstatten.<\/p>\n<p>&nbsp;<\/p>\n","protected":false},"excerpt":{"rendered":"<p>Klappmappen sind im Grunde Taschen- und Abheftmappen kombiniert. Man kann seine Unterlagen einfach reinlegen oder, falls ein Hefter vorhanden ist,<\/p>\n","protected":false},"author":1,"featured_media":0,"parent":0,"menu_order":0,"comment_status":"closed","ping_status":"closed","template":"","meta":[],"_links":{"self":[{"href":"http:\/\/mappen-profi.de\/index.php?rest_route=\/wp\/v2\/pages\/171"}],"collection":[{"href":"http:\/\/mappen-profi.de\/index.php?rest_route=\/wp\/v2\/pages"}],"about":[{"href":"http:\/\/mappen-profi.de\/index.php?rest_route=\/wp\/v2\/types\/page"}],"author":[{"embeddable":true,"href":"http:\/\/mappen-profi.de\/index.php?rest_route=\/wp\/v2\/users\/1"}],"replies":[{"embeddable":true,"href":"http:\/\/mappen-profi.de\/index.php?rest_route=%2Fwp%2Fv2%2Fcomments&post=171"}],"version-history":[{"count":4,"href":"http:\/\/mappen-profi.de\/index.php?rest_route=\/wp\/v2\/pages\/171\/revisions"}],"predecessor-version":[{"id":310,"href":"http:\/\/mappen-profi.de\/index.php?rest_route=\/wp\/v2\/pages\/171\/revisions\/310"}],"wp:attachment":[{"href":"http:\/\/mappen-profi.de\/index.php?rest_route=%2Fwp%2Fv2%2Fmedia&parent=171"}],"curies":[{"name":"wp","href":"https:\/\/api.w.org\/{rel}","templated":true}]}}